 + 1 + -2. Let a be r*-1*-3 - 2. Suppose -t - 141 = -a*s, -67 = -2*s - t - 2*t. Calculate the greatest common divisor of s and 5.
5
Let m be (-132)/(-8) + 12/8. What is the highest common divisor of m and 18?
18
Let m(w) = 6*w - 2. Let i be m(1). Suppose 4*a = -i*y + 24, -4*y + 24 = 4*a - 5*a. What is the highest common divisor of 36 and y?
6
Suppose -5*j = -c + 23, 0 = -2*c + 4*j - 1 + 23. Suppose 2 = c*w - 19. Calculate the highest common factor of w and 7.
7
Let x be (0 + 2)/(17/85). Let b be 99 - (1 + -2 + 0). What is the greatest common factor of x and b?
10
Suppose 0 = -3*w - 6*r + 4*r + 100, 2*w + 4*r = 56. Calculate the highest common divisor of w and 54.
18
Let t be (-44)/(-12) - (-4)/(-6). Let q be t/(-6)*2*-5. Suppose -35 = 4*s - 7*s + q*r, 5*s + 3*r = 115. What is the highest common factor of 50 and s?
10
Let p be (507/(-26))/((-1)/(-34)). Let g be p/(-12) - 9/(-12). Calculate the highest common factor of 14 and g.
14
Suppose -15 = -v - 2*o + 19, v - 9 = 3*o. Calculate the highest common factor of 36 and v.
12
Let m(k) = k**2 - 9*k - 2. Let g be m(10). Calculate the highest common factor of 16 and g.
8
Suppose -4*m + 4*l + 36 = 0, 0*m - 29 = -m + 5*l. Suppose -4*y = -0*z - 3*z - 5, 3*y - m*z + 5 = 0. Calculate the greatest common factor of y and 40.
5
Let u be 3 + 5 + (-1 - 1). Let t be (-1)/1*(-1 + 0). Calculate the greatest common divisor of t and u.
1
Suppose -6*n + 9 = -3*n. Suppose -2*a - 2*a - l = 39, n*l + 9 = 0. Let q(x) = 2*x**2 + 11*x - 7. Let d be q(a). What is the greatest common divisor of d and 8?
8
Let r(t) = 4*t**2 - 7*t. Let a be r(-5). Calculate the highest common factor of a and 27.
27
Let p = 107 + 91. What is the highest common divisor of p and 22?
22
Suppose -52*x = -54*x + 14. Suppose -4*s - 42 = -6*s. What is the highest common factor of x and s?
7
Suppose 2*m = -x - 6, 2*m + 5*x = -0*m + 2. Let b = m - -11. Let n = b - -3. What is the greatest common divisor of 80 and n?
10
Suppose -4*g = -0*g - 56. Calculate the highest common factor of g and 28.
14
Let j be (-1 + -7 + 3)/(-1). Suppose -123 = -j*w - 18. Calculate the highest common factor of 7 and w.
7
Let z be 92/12 - (68/12 - 5). Let x be 4/(-6)*-2*21. Calculate the highest common divisor of x and z.
7
Suppose 5*p + 4*r - 11 - 2 = 0, -16 = -5*p - 3*r. What is the greatest common factor of p and 1?
1
Let o be (-3)/15 + (-16)/(-5). Suppose 36 = 3*q - 0*t - o*t, 4*t - 16 = -4*q. What is the highest common factor of 2 and q?
2
Suppose 77 + 53 = 13*l. What is the greatest common divisor of l and 20?
10
Suppose -2*u = x - 135, 2*x = 4*u + 7*x - 279. Suppose -7*k = -6*k - 5*s - 175, s - 328 = -2*k. Calculate the highest common divisor of u and k.
33
Suppose 4*z + 450 = w - 3*w, 3*z + 2*w + 338 = 0. Let n = -28 - z. What is the highest common divisor of 21 and n?
21
Let y(g) = g**3 + g**2 + g - 1. Let i be y(1). Suppose 4*x - 2*t - 12 = 0, t = -4*x + i*t + 8. Calculate the highest common factor of x and 7.
1
Let b(g) = g**3 - 4*g**2 + 6*g + 4. Let x be b(6). Let c = -25 - -39. What is the greatest common divisor of x and c?
14
Let s(r) = -r**3 - r**2 + r + 27. Let q be s(0). Calculate the greatest common divisor of 27 and q.
27
Suppose -2*l + 143 = 2*o - 101, -2*l = 3*o - 365. What is the greatest common factor of 11 and o?
11
Suppose 76 + 12 = 4*y. What is the highest common divisor of y and 242?
22
Let b = 28 + -4. What is the greatest common divisor of b and 60?
12
Suppose -62*h + 60*h = -184. Calculate the greatest common factor of 23 and h.
23
Let c = 101 + -83. Calculate the greatest common divisor of c and 81.
9
Suppose -2*f + f = -36. Let w = -24 + 14. Let o be (18/(-15))/(2/w). What is the highest common divisor of o and f?
6
Suppose -3*f + 3*c + 3276 = 0, -658 - 4800 = -5*f + 4*c. Let h be f/6 - 8/12. Let j = h + -101. What is the greatest common factor of j and 10?
10
Let w = -29 + 51. Calculate the greatest common divisor of 176 and w.
22
Suppose 30*m = -0*m + 150. Suppose 0 = 2*f + 10, 3*s = -s + f + 9. What is the greatest common factor of s and m?
1
Let h(o) = o**3 - o**2 - o + 13. Let d be h(0). Let x be -2*2/8*-42. Let z = x - 8. Calculate the greatest common divisor of z and d.
13
Suppose -11*a = -6*a - 50. Calculate the highest common factor of a and 20.
10
Let y(q) = -2*q - 3. Let u be y(-5). Calculate the highest common divisor of 7 and u.
7
Let f(x) = -86*x - 4. Let j be f(-4). Let p = -240 + j. What is the highest common factor of 10 and p?
10
Let g(k) = k**2 + 3*k + 1. Let t = 1 - 5. Let l be g(t). Let h be 18/(-15)*l/(-1). Calculate the highest common factor of h and 24.
6
Let i(z) be the second derivative of z**5/20 - z**4/4 + 5*z**3/6 - 3*z**2/2 - 2*z. Let v be i(4). What is the highest common divisor of v and 11?
11
Let u be 2080/(-5)*2/(3 - 5). Calculate the highest common divisor of 52 and u.
52
Let v = 11 + -6. Suppose -4*p = v*i - 172, -2*i - 2*i + 3*p + 119 = 0. What is the highest common divisor of i and 16?
16
Suppose 0 = -3*n - 5*s + 129, 2*n - 4*s + 84 = 4*n. What is the highest common divisor of 32 and n?
16
Suppose -3*r - 4*d = -66, 3*d - 45 = -5*r + 3*r. Let k be ((-1)/(-1 - -2))/((-1)/2). What is the highest common factor of r and k?
2
Suppose -3*g + 24 = -s + 4*s, -10 = -3*s + 4*g. Calculate the greatest common factor of s and 54.
6
Suppose 3*z + g - 51 = 0, 0*g + 2*g + 60 = 3*z. What is the highest common divisor of z and 45?
9
Let s(c) = c**2 - 15*c + 39. Let m be s(12). Suppose 3*n + 5*t + 22 = 0, 0*n + 4*t + 24 = 4*n. Let u = m + n. What is the highest common factor of 4 and u?
4
Let d(q) = 4*q**2 - 6*q. Let i be d(4). Calculate the greatest common factor of i and 320.
40
Suppose -6*i = -4*a - i + 11, 5 = 5*i. Let q = 4 - 0. What is the highest common divisor of q and a?
4
Let x be 70/4*(-8)/(-10). Let w be 140/21*(-12)/10. Let b = -1 - w. Calculate the highest common factor of b and x.
7
Let o(c) = -9*c + 6. Let g = -11 - -5. Let h be o(g). Let s(y) = y**2 - 2*y - 3. Let d be s(-3). What is the highest common factor of h and d?
12
Let r = 24 - 15. Calculate the highest common factor of 9 and r.
9
Let c = 10 - -1. Let d be ((-112)/(-21))/(4/66). Calculate the greatest common divisor of d and c.
11
Suppose -3*z = 4*x - 66, -2*x + z + 33 - 5 = 0. Suppose 4 = 4*c, -r = -3*c - x - 7. Let l be (2/6)/(2/30). What is the greatest common factor of l and r?
5
Suppose 5*s = -164 + 444. Let y(w) = w**2 + 2*w - 1. Let u be y(-5). Calculate the highest common divisor of s and u.
14
Let t(n) = -2*n + 21. Let g be t(6). What is the highest common factor of 3 and g?
3
Let j(g) = 67*g**2 + 2*g + 1. Let k be j(-1). Calculate the highest common factor of k and 6.
6
Let b = 100 - 36. Let u = b + -43. Let k be 2/(-3) + 88/6. Calculate the highest common divisor of u and k.
7
Suppose 0*n - 18 = -3*n. Calculate the highest common divisor of 15 and n.
3
Suppose -p - 3*d = -52 + 3, -3*p + 3*d = -147. Let h(q) = q**3 - 1. Let a be h(2). What is the highest common divisor of p and a?
7
Suppose p - 3*k - 4 - 6 = 0, -3*k = 0. Calculate the highest common factor of 2 and p.
2
Suppose 8 - 99 = -13*u. Calculate the highest common divisor of 7 and u.
7
Let i(w) = -w**3 + 4*w**2 + 4*w - 4. Let f be i(4). Let q = f + -2. Suppose 0 = -x - 0 + q. Calculate the highest common divisor of 25 and x.
5
Let r(u) = u**2 - 9*u + 6. Let a be r(10). What is the highest common divisor of a and 144?
16
Suppose -3*f + 11*m - 16*m + 30 = 0, 3*f - 9 = 2*m. Let p(j) = -5*j. Let n be p(-3). Let q = n - -20. What is the greatest common divisor of q and f?
5
Let j(f) be the second derivative of f**4/12 - f**3/3 - 5*f**2/2 - f. Let v be (-6)/(-4)*80/30. Let t be j(v). Calculate the greatest common divisor of 9 and t.
3
Let h = 21 - 17. What is the highest common divisor of h and 12?
4
Let t be 1 + -1 - (1 + -1). Suppose -2*r = -5*q + 15, -3*q + 2*r + 5 = -t. Suppose -2*b = -27 + q. Calculate the greatest common divisor of 11 and b.
11
Let w = -72 + 112. What is the greatest common factor of 440 and w?
40
Suppose 18*v - 14*v = 60. Let j be (-3)/2*(-10)/1. Calculate the highest common factor of v and j.
15
Suppose 25*c = 21*c + 8. Let j(x) = -x**3 - 4*x**2 + 3*x - 6. Let d be j(-5). Suppose -d*p = p - 25. Calculate the highest common divisor of p and c.
1
Suppose -3*l -